{"id":11983,"date":"2020-12-11T09:31:17","date_gmt":"2020-12-11T07:31:17","guid":{"rendered":"https:\/\/patcreatif.fr\/?page_id=11983"},"modified":"2021-03-09T15:02:10","modified_gmt":"2021-03-09T13:02:10","slug":"couleurs-vegetales","status":"publish","type":"page","link":"https:\/\/patcreatif.fr\/?page_id=11983","title":{"rendered":"COULEURS VEGETALES"},"content":{"rendered":"<style type=\"text\/css\"> \n#cmsmasters_row_6a06dbd76c4b02_50719744 .cmsmasters_row_outer_parent { \n\tpadding-top: 0px; \n} \n\n#cmsmasters_row_6a06dbd76c4b02_50719744 .cmsmasters_row_outer_parent { \n\tpadding-bottom: 50px; \n} \n\n \n#cmsmasters_row_6a06dbd76cb770_14732805 .cmsmasters_row_outer_parent { \n\tpadding-top: 0px; \n} \n\n#cmsmasters_row_6a06dbd76cb770_14732805 .cmsmasters_row_outer_parent { \n\tpadding-bottom: 50px; \n} \n\n \n#cmsmasters_row_6a06dbd76cfcd1_45986874 .cmsmasters_row_outer_parent { \n\tpadding-top: 0px; \n} \n\n#cmsmasters_row_6a06dbd76cfcd1_45986874 .cmsmasters_row_outer_parent { \n\tpadding-bottom: 20px; \n} \n\n#cmsmasters_row_6a06dbd76cfcd1_45986874 .cmsmasters_row_overlay { \n\tbackground-color:#202020;\n} \n\n#cmsmasters_row_6a06dbd76cfcd1_45986874 .cmsmasters_row_inner.cmsmasters_row_fullwidth { \n\tpadding-left:0%; \n} \n#cmsmasters_row_6a06dbd76cfcd1_45986874 .cmsmasters_row_inner.cmsmasters_row_fullwidth { \n\tpadding-right:0%; \n} \n \n#cmsmasters_row_6a06dbd76f9912_31847770 { \n\tbackground-color:#272727;\n} \n\n#cmsmasters_row_6a06dbd76f9912_31847770 .cmsmasters_row_outer_parent { \n\tpadding-top: 110px; \n} \n\n#cmsmasters_row_6a06dbd76f9912_31847770 .cmsmasters_row_outer_parent { \n\tpadding-bottom: 100px; \n} \n\n \n#cmsmasters_divider_6a06dbd76fc128_26232370 { \n\tborder-bottom-width:0px; \n\tborder-bottom-style:solid; \n\tpadding-top:20px; \n\tmargin-bottom:0px; \n} \n \n\n#cmsmasters_fb_6a06dbd77020e8_71378901 { \n\tpadding-top:40px; \n\tpadding-bottom:70px; \n\tbackground-color:#202020;\n} \n\n#cmsmasters_fb_6a06dbd77020e8_71378901 .featured_block_inner { \n\twidth: 100%; \n\tpadding: ; \n\ttext-align: center; \n\tmargin:0 auto; \n} \n\n#cmsmasters_fb_6a06dbd77020e8_71378901 .featured_block_text { \n\ttext-align: center; \n} \n\n \n#cmsmasters_heading_6a06dbd770306 { \n\ttext-align:center; \n\tmargin-top:0px; \n\tmargin-bottom:12px; \n} \n\n#cmsmasters_heading_6a06dbd770306 .cmsmasters_heading { \n\ttext-align:center; \n} \n\n#cmsmasters_heading_6a06dbd770306 .cmsmasters_heading, #cmsmasters_heading_6a06dbd770306 .cmsmasters_heading a { \n\tfont-size:28px; \n\tfont-weight:normal; \n\tfont-style:normal; \n\tcolor:#faf6c1;\n} \n\n#cmsmasters_heading_6a06dbd770306 .cmsmasters_heading_divider { \n} \n\n \n#cmsmasters_heading_6a06dbd77037f { \n\ttext-align:center; \n\tmargin-top:0px; \n\tmargin-bottom:60px; \n} \n\n#cmsmasters_heading_6a06dbd77037f .cmsmasters_heading { \n\ttext-align:center; \n} \n\n#cmsmasters_heading_6a06dbd77037f .cmsmasters_heading, #cmsmasters_heading_6a06dbd77037f .cmsmasters_heading a { \n\tfont-weight:normal; \n\tfont-style:normal; \n\tcolor:#ffffff;\n} \n\n#cmsmasters_heading_6a06dbd77037f .cmsmasters_heading_divider { \n} \n\n \n#cmsmasters_heading_6a06dbd7703e2 { \n\ttext-align:center; \n\tmargin-top:0px; \n\tmargin-bottom:12px; \n} \n\n#cmsmasters_heading_6a06dbd7703e2 .cmsmasters_heading { \n\ttext-align:center; \n} \n\n#cmsmasters_heading_6a06dbd7703e2 .cmsmasters_heading, #cmsmasters_heading_6a06dbd7703e2 .cmsmasters_heading a { \n\tfont-weight:normal; \n\tfont-style:normal; \n\tcolor:#faf6c1;\n} \n\n#cmsmasters_heading_6a06dbd7703e2 .cmsmasters_heading_divider { \n} \n\n \n#cmsmasters_heading_6a06dbd770441 { \n\ttext-align:center; \n\tmargin-top:0px; \n\tmargin-bottom:60px; \n} \n\n#cmsmasters_heading_6a06dbd770441 .cmsmasters_heading { \n\ttext-align:center; \n} \n\n#cmsmasters_heading_6a06dbd770441 .cmsmasters_heading, #cmsmasters_heading_6a06dbd770441 .cmsmasters_heading a { \n\tfont-weight:normal; \n\tfont-style:normal; \n\tcolor:#ffffff;\n} \n\n#cmsmasters_heading_6a06dbd770441 .cmsmasters_heading_divider { \n} \n\n \n#cmsmasters_heading_6a06dbd77049b { \n\ttext-align:center; \n\tmargin-top:0px; \n\tmargin-bottom:12px; \n} \n\n#cmsmasters_heading_6a06dbd77049b .cmsmasters_heading { \n\ttext-align:center; \n} \n\n#cmsmasters_heading_6a06dbd77049b .cmsmasters_heading, #cmsmasters_heading_6a06dbd77049b .cmsmasters_heading a { \n\tfont-weight:normal; \n\tfont-style:normal; \n\tcolor:#faf6c1;\n} \n\n#cmsmasters_heading_6a06dbd77049b .cmsmasters_heading_divider { \n} \n\n \n#cmsmasters_heading_6a06dbd7704f7 { \n\ttext-align:center; \n\tmargin-top:0px; \n\tmargin-bottom:0px; \n} \n\n#cmsmasters_heading_6a06dbd7704f7 .cmsmasters_heading { \n\ttext-align:center; \n} \n\n#cmsmasters_heading_6a06dbd7704f7 .cmsmasters_heading, #cmsmasters_heading_6a06dbd7704f7 .cmsmasters_heading a { \n\tfont-weight:normal; \n\tfont-style:normal; \n\tcolor:#ffffff;\n} \n\n#cmsmasters_heading_6a06dbd7704f7 .cmsmasters_heading_divider { \n} \n\n<\/style><div id=\"cmsmasters_row_6a06dbd76c4b02_50719744\" class=\"cmsmasters_row cmsmasters_color_scheme_default cmsmasters_row_top_default cmsmasters_row_bot_default cmsmasters_row_boxed\">\n<div class=\"cmsmasters_row_outer_parent\">\n<div class=\"cmsmasters_row_outer\">\n<div class=\"cmsmasters_row_inner\">\n<div class=\"cmsmasters_row_margin\">\n<div class=\"cmsmasters_column one_fourth\">\n<div class=\"cmsmasters_img  cmsmasters_image_n\">\n<img src=\"https:\/\/patcreatif.fr\/wp-content\/uploads\/2020\/12\/4-logos-01-248x300.png\" \/>\n<\/div>\n<\/div>\n<div class=\"cmsmasters_column one_fourth\">\n<div class=\"cmsmasters_img  cmsmasters_image_n\">\n<img src=\"https:\/\/patcreatif.fr\/wp-content\/uploads\/2020\/12\/4-logos-02-248x300.png\" \/>\n<\/div>\n<\/div>\n<div class=\"cmsmasters_column one_fourth\">\n<div class=\"cmsmasters_img  cmsmasters_image_n\">\n<img src=\"https:\/\/patcreatif.fr\/wp-content\/uploads\/2020\/12\/4-logos-03-279x300.png\" \/>\n<\/div>\n<\/div>\n<div class=\"cmsmasters_column one_fourth\">\n<div class=\"cmsmasters_img  cmsmasters_image_n\">\n<img src=\"https:\/\/patcreatif.fr\/wp-content\/uploads\/2020\/12\/4-logos-04-300x283.png\" \/>\n<\/div>\n<\/div>\n<\/div>\n<\/div>\n<\/div>\n<\/div>\n<\/div>\n<div id=\"cmsmasters_row_6a06dbd76cb770_14732805\" class=\"cmsmasters_row cmsmasters_color_scheme_first cmsmasters_row_top_default cmsmasters_row_bot_default cmsmasters_row_boxed\">\n<div class=\"cmsmasters_row_outer_parent\">\n<div class=\"cmsmasters_row_outer\">\n<div class=\"cmsmasters_row_inner\">\n<div class=\"cmsmasters_row_margin\">\n<div class=\"cmsmasters_column one_third\">\n<div class=\"aligncenter\">\n<div class=\"cmsmasters_img  cmsmasters_image_c with_caption\">\n<img src=\"https:\/\/patcreatif.fr\/wp-content\/uploads\/2020\/12\/gaia-avant-169x300.jpg\" \/>\n<p class=\"cmsmasters_img_caption\">AVANT<\/p><\/div>\n<\/div>\n<\/div>\n<div class=\"cmsmasters_column one_third\">\n<div class=\"cmsmasters_text\">\n<h2><\/h2>\n<h2><\/h2>\n<h2 style=\"text-align: center;\">Venez d\u00e9couvrir le gloss v\u00e9g\u00e9tal Gaia<\/h2>\n<\/div>\n<\/div>\n<div class=\"cmsmasters_column one_third\">\n<div class=\"aligncenter\">\n<div class=\"cmsmasters_img  cmsmasters_image_c with_caption\">\n<img src=\"https:\/\/patcreatif.fr\/wp-content\/uploads\/2020\/12\/gaia-apres-169x300.jpg\" \/>\n<p class=\"cmsmasters_img_caption\">APRES<\/p><\/div>\n<\/div>\n<\/div>\n<\/div>\n<\/div>\n<\/div>\n<\/div>\n<\/div>\n<div id=\"cmsmasters_row_6a06dbd76cfcd1_45986874\" class=\"cmsmasters_row cmsmasters_color_scheme_default cmsmasters_row_top_default cmsmasters_row_bot_default cmsmasters_row_fullwidth\">\n<div class=\"cmsmasters_row_outer_parent\">\n<div class=\"cmsmasters_row_overlay\"><\/div>\n<div class=\"cmsmasters_row_outer\">\n<div class=\"cmsmasters_row_inner cmsmasters_row_fullwidth\">\n<div class=\"cmsmasters_row_margin\">\n<div class=\"cmsmasters_column one_first cmsmasters_latest_projects_mrgn_column\">\n<div class=\"cmsmasters_wrap_portfolio entry-summary\" id=\"portfolio_6a06dbd76d186\">\r\n\t<script type=\"text\/javascript\">\r\n\tjQuery(document).ready(function () {\r\n\t(function ($) {\r\n\t\tif ($('#portfolio_6a06dbd76d186').find('article').length == '0') {\r\n\t\t\treturn false;\r\n\t\t}\r\n\t\t\r\n\r\n\t\tstartPortfolio( \r\n\t\t\t'6a06dbd76d186', \r\n\t\t\t'grid', \r\n\t\t\t'perfect', \r\n\t\t\t'https:\/\/patcreatif.fr\/wp-content\/plugins\/cmsmasters-content-composer\/', \r\n\t\t\t'date', \r\n\t\t\t'DESC', \r\n\t\t\t'8', \r\n\t\t\t'gaia', \r\n\t\t\t'' \r\n\t\t);\r\n\t} )(jQuery);\r\n\t} );\r\n\t<\/script>\r\n\t<div class=\"portfolio grid zero_gap perfect cmsmasters_4\">\r\n<!--_________________________ Start Standard Project _________________________ -->\r\n\r\n<article id=\"post-12235\" class=\"post-12235 project type-project status-publish format-standard has-post-thumbnail hentry pj-categs-gaia\" data-category=\"gaia\">\r\n\t<div class=\"project_outer\">\r\n\t<figure class=\"cmsmasters_img_rollover_wrap preloader\"><img width=\"580\" height=\"400\" src=\"https:\/\/patcreatif.fr\/wp-content\/uploads\/2020\/12\/couleur-gaia-4-580x400.jpg\" class=\"full-width wp-post-image\" alt=\"COULEUR GAIA\" loading=\"lazy\" title=\"COULEUR GAIA\" \/><div class=\"cmsmasters_img_rollover\"><a href=\"https:\/\/patcreatif.fr\/?project=couleur-gaia-2\" title=\"COULEUR GAIA\" class=\"cmsmasters_open_post_link button\">Read more<\/a><\/div><\/figure><div class=\"dn\"><header class=\"cmsmasters_project_header entry-header\"><h4 class=\"cmsmasters_project_title entry-title\"><a href=\"https:\/\/patcreatif.fr\/?project=couleur-gaia-2\">COULEUR GAIA<\/a><\/h4><\/header><\/div><span class=\"dn meta-date\">20201221103910<\/span>\t\t<div class=\"cl\"><\/div>\r\n\t<\/div>\r\n<\/article>\r\n<!--_________________________ Finish Standard Project _________________________ -->\r\n\r\n\r\n<!--_________________________ Start Standard Project _________________________ -->\r\n\r\n<article id=\"post-12233\" class=\"post-12233 project type-project status-publish format-standard has-post-thumbnail hentry pj-categs-gaia\" data-category=\"gaia\">\r\n\t<div class=\"project_outer\">\r\n\t<figure class=\"cmsmasters_img_rollover_wrap preloader\"><img width=\"580\" height=\"400\" src=\"https:\/\/patcreatif.fr\/wp-content\/uploads\/2020\/12\/couleur-gaia-2-bis-580x400.jpg\" class=\"full-width wp-post-image\" alt=\"COULEUR GAIA\" loading=\"lazy\" title=\"COULEUR GAIA\" \/><div class=\"cmsmasters_img_rollover\"><a href=\"https:\/\/patcreatif.fr\/?project=couleur-gaia\" title=\"COULEUR GAIA\" class=\"cmsmasters_open_post_link button\">Read more<\/a><\/div><\/figure><div class=\"dn\"><header class=\"cmsmasters_project_header entry-header\"><h4 class=\"cmsmasters_project_title entry-title\"><a href=\"https:\/\/patcreatif.fr\/?project=couleur-gaia\">COULEUR GAIA<\/a><\/h4><\/header><\/div><span class=\"dn meta-date\">20201221103834<\/span>\t\t<div class=\"cl\"><\/div>\r\n\t<\/div>\r\n<\/article>\r\n<!--_________________________ Finish Standard Project _________________________ -->\r\n\r\n\r\n<!--_________________________ Start Standard Project _________________________ -->\r\n\r\n<article id=\"post-12122\" class=\"post-12122 project type-project status-publish format-standard has-post-thumbnail hentry pj-categs-gaia\" data-category=\"gaia\">\r\n\t<div class=\"project_outer\">\r\n\t<figure class=\"cmsmasters_img_rollover_wrap preloader\"><img width=\"580\" height=\"400\" src=\"https:\/\/patcreatif.fr\/wp-content\/uploads\/2020\/12\/gaia-poudre-580x400.jpg\" class=\"full-width wp-post-image\" alt=\"GAIA POUDRES\" loading=\"lazy\" title=\"GAIA POUDRES\" \/><div class=\"cmsmasters_img_rollover\"><a href=\"https:\/\/patcreatif.fr\/?project=gaia-poudres\" title=\"GAIA POUDRES\" class=\"cmsmasters_open_post_link button\">Read more<\/a><\/div><\/figure><div class=\"dn\"><header class=\"cmsmasters_project_header entry-header\"><h4 class=\"cmsmasters_project_title entry-title\"><a href=\"https:\/\/patcreatif.fr\/?project=gaia-poudres\">GAIA POUDRES<\/a><\/h4><\/header><\/div><span class=\"dn meta-date\">20201211132314<\/span>\t\t<div class=\"cl\"><\/div>\r\n\t<\/div>\r\n<\/article>\r\n<!--_________________________ Finish Standard Project _________________________ -->\r\n\r\n\r\n<!--_________________________ Start Standard Project _________________________ -->\r\n\r\n<article id=\"post-12120\" class=\"post-12120 project type-project status-publish format-standard has-post-thumbnail hentry pj-categs-gaia\" data-category=\"gaia\">\r\n\t<div class=\"project_outer\">\r\n\t<figure class=\"cmsmasters_img_rollover_wrap preloader\"><img width=\"580\" height=\"400\" src=\"https:\/\/patcreatif.fr\/wp-content\/uploads\/2020\/12\/gaia-produits-capillaires-bio-1-580x400.jpg\" class=\"full-width wp-post-image\" alt=\"GAIA PRODUITS CAPILAIRES BIO\" loading=\"lazy\" title=\"GAIA PRODUITS CAPILAIRES BIO\" \/><div class=\"cmsmasters_img_rollover\"><a href=\"https:\/\/patcreatif.fr\/?project=gaia-produits-capilaires-bio\" title=\"GAIA PRODUITS CAPILAIRES BIO\" class=\"cmsmasters_open_post_link button\">Read more<\/a><\/div><\/figure><div class=\"dn\"><header class=\"cmsmasters_project_header entry-header\"><h4 class=\"cmsmasters_project_title entry-title\"><a href=\"https:\/\/patcreatif.fr\/?project=gaia-produits-capilaires-bio\">GAIA PRODUITS CAPILAIRES BIO<\/a><\/h4><\/header><\/div><span class=\"dn meta-date\">20201211132244<\/span>\t\t<div class=\"cl\"><\/div>\r\n\t<\/div>\r\n<\/article>\r\n<!--_________________________ Finish Standard Project _________________________ -->\r\n\r\n\r\n<!--_________________________ Start Standard Project _________________________ -->\r\n\r\n<article id=\"post-12118\" class=\"post-12118 project type-project status-publish format-standard has-post-thumbnail hentry pj-categs-gaia\" data-category=\"gaia\">\r\n\t<div class=\"project_outer\">\r\n\t<figure class=\"cmsmasters_img_rollover_wrap preloader\"><img width=\"580\" height=\"400\" src=\"https:\/\/patcreatif.fr\/wp-content\/uploads\/2020\/12\/gaia-produits-colorations-bol-580x400.jpg\" class=\"full-width wp-post-image\" alt=\"GAIA PRODUIT COLLORATIONS BOL\" loading=\"lazy\" title=\"GAIA PRODUIT COLLORATIONS BOL\" \/><div class=\"cmsmasters_img_rollover\"><a href=\"https:\/\/patcreatif.fr\/?project=gaia-produit-collorations-bol\" title=\"GAIA PRODUIT COLLORATIONS BOL\" class=\"cmsmasters_open_post_link button\">Read more<\/a><\/div><\/figure><div class=\"dn\"><header class=\"cmsmasters_project_header entry-header\"><h4 class=\"cmsmasters_project_title entry-title\"><a href=\"https:\/\/patcreatif.fr\/?project=gaia-produit-collorations-bol\">GAIA PRODUIT COLLORATIONS BOL<\/a><\/h4><\/header><\/div><span class=\"dn meta-date\">20201211132158<\/span>\t\t<div class=\"cl\"><\/div>\r\n\t<\/div>\r\n<\/article>\r\n<!--_________________________ Finish Standard Project _________________________ -->\r\n\r\n\r\n<!--_________________________ Start Standard Project _________________________ -->\r\n\r\n<article id=\"post-12114\" class=\"post-12114 project type-project status-publish format-standard has-post-thumbnail hentry pj-categs-gaia\" data-category=\"gaia\">\r\n\t<div class=\"project_outer\">\r\n\t<figure class=\"cmsmasters_img_rollover_wrap preloader\"><img width=\"580\" height=\"400\" src=\"https:\/\/patcreatif.fr\/wp-content\/uploads\/2020\/12\/palette-couleurs-gaia-580x400.jpg\" class=\"full-width wp-post-image\" alt=\"PALETTE COULEURS GAIA\" loading=\"lazy\" title=\"PALETTE COULEURS GAIA\" \/><div class=\"cmsmasters_img_rollover\"><a href=\"https:\/\/patcreatif.fr\/?project=palette-couleurs-gaia\" title=\"PALETTE COULEURS GAIA\" class=\"cmsmasters_open_post_link button\">Read more<\/a><\/div><\/figure><div class=\"dn\"><header class=\"cmsmasters_project_header entry-header\"><h4 class=\"cmsmasters_project_title entry-title\"><a href=\"https:\/\/patcreatif.fr\/?project=palette-couleurs-gaia\">PALETTE COULEURS GAIA<\/a><\/h4><\/header><\/div><span class=\"dn meta-date\">20201211132010<\/span>\t\t<div class=\"cl\"><\/div>\r\n\t<\/div>\r\n<\/article>\r\n<!--_________________________ Finish Standard Project _________________________ -->\r\n\r\n\r\n<!--_________________________ Start Standard Project _________________________ -->\r\n\r\n<article id=\"post-12110\" class=\"post-12110 project type-project status-publish format-standard has-post-thumbnail hentry pj-categs-gaia\" data-category=\"gaia\">\r\n\t<div class=\"project_outer\">\r\n\t<figure class=\"cmsmasters_img_rollover_wrap preloader\"><img width=\"580\" height=\"400\" src=\"https:\/\/patcreatif.fr\/wp-content\/uploads\/2020\/12\/gaia2-580x400.jpg\" class=\"full-width wp-post-image\" alt=\"COULEURS GAIA\" loading=\"lazy\" title=\"COULEURS GAIA\" \/><div class=\"cmsmasters_img_rollover\"><a href=\"https:\/\/patcreatif.fr\/?project=couleurs-gaia\" title=\"COULEURS GAIA\" class=\"cmsmasters_open_post_link button\">Read more<\/a><\/div><\/figure><div class=\"dn\"><header class=\"cmsmasters_project_header entry-header\"><h4 class=\"cmsmasters_project_title entry-title\"><a href=\"https:\/\/patcreatif.fr\/?project=couleurs-gaia\">COULEURS GAIA<\/a><\/h4><\/header><\/div><span class=\"dn meta-date\">20201211131447<\/span>\t\t<div class=\"cl\"><\/div>\r\n\t<\/div>\r\n<\/article>\r\n<!--_________________________ Finish Standard Project _________________________ -->\r\n\r\n<\/div><div class=\"cmsmasters_wrap_more_projects\"><\/div><\/div>\n<\/div>\n<\/div>\n<\/div>\n<\/div>\n<\/div>\n<\/div>\n<div id=\"cmsmasters_row_6a06dbd76f9912_31847770\" class=\"cmsmasters_row cmsmasters_color_scheme_first cmsmasters_row_top_default cmsmasters_row_bot_default cmsmasters_row_boxed\">\n<div class=\"cmsmasters_row_outer_parent\">\n<div class=\"cmsmasters_row_outer\">\n<div class=\"cmsmasters_row_inner\">\n<div class=\"cmsmasters_row_margin\">\n<div class=\"cmsmasters_column two_third\">\n<div class=\"cmsmasters_img  cmsmasters_image_n bottom_logo\">\n<img src=\"https:\/\/patcreatif.fr\/wp-content\/uploads\/2020\/12\/logo1-300x57.png\" \/>\n<\/div>\n\n<div id=\"cmsmasters_divider_6a06dbd76fc128_26232370\" class=\"cl\"><\/div>\n<div class=\"cmsmasters_contact_form\"><div role=\"form\" class=\"wpcf7\" id=\"wpcf7-f11-o1\" lang=\"fr-FR\" dir=\"ltr\">\n<div class=\"screen-reader-response\"><p role=\"status\" aria-live=\"polite\" aria-atomic=\"true\"><\/p> <ul><\/ul><\/div>\n<form action=\"\/index.php?rest_route=%2Fwp%2Fv2%2Fpages%2F11983#wpcf7-f11-o1\" method=\"post\" class=\"wpcf7-form init\" novalidate=\"novalidate\" data-status=\"init\">\n<div style=\"display: none;\">\n<input type=\"hidden\" name=\"_wpcf7\" value=\"11\" \/>\n<input type=\"hidden\" name=\"_wpcf7_version\" value=\"5.3.1\" \/>\n<input type=\"hidden\" name=\"_wpcf7_locale\" value=\"fr_FR\" \/>\n<input type=\"hidden\" name=\"_wpcf7_unit_tag\" value=\"wpcf7-f11-o1\" \/>\n<input type=\"hidden\" name=\"_wpcf7_container_post\" value=\"0\" \/>\n<input type=\"hidden\" name=\"_wpcf7_posted_data_hash\" value=\"\" \/>\n<\/div>\n<p><label> Votre Nom<br \/>\n    <span class=\"wpcf7-form-control-wrap your-name\"><input type=\"text\" name=\"your-name\" value=\"\" size=\"40\" class=\"wpcf7-form-control wpcf7-text wpcf7-validates-as-required\" aria-required=\"true\" aria-invalid=\"false\" \/><\/span> <\/label><\/p>\n<p><label> Votre Email<br \/>\n    <span class=\"wpcf7-form-control-wrap your-email\"><input type=\"email\" name=\"your-email\" value=\"\" size=\"40\" class=\"wpcf7-form-control wpcf7-text wpcf7-email wpcf7-validates-as-required wpcf7-validates-as-email\" aria-required=\"true\" aria-invalid=\"false\" \/><\/span> <\/label><\/p>\n<p><label> Sujet<br \/>\n    <span class=\"wpcf7-form-control-wrap your-subject\"><input type=\"text\" name=\"your-subject\" value=\"\" size=\"40\" class=\"wpcf7-form-control wpcf7-text wpcf7-validates-as-required\" aria-required=\"true\" aria-invalid=\"false\" \/><\/span> <\/label><\/p>\n<p><label> Votre Message<br \/>\n    <span class=\"wpcf7-form-control-wrap your-message\"><textarea name=\"your-message\" cols=\"40\" rows=\"10\" class=\"wpcf7-form-control wpcf7-textarea\" aria-invalid=\"false\"><\/textarea><\/span> <\/label><\/p>\n<p><input type=\"submit\" value=\"ENVOYER\" class=\"wpcf7-form-control wpcf7-submit\" \/><\/p>\n<div class=\"wpcf7-response-output\" aria-hidden=\"true\"><\/div><\/form><\/div><\/div>\n<\/div>\n<div class=\"cmsmasters_column one_third\">\n<div id=\"cmsmasters_fb_6a06dbd77020e8_71378901\" class=\"cmsmasters_featured_block\">\n<div class=\"featured_block_inner\">\n<div class=\"featured_block_text\">\n\n<div id=\"cmsmasters_heading_6a06dbd770306\" class=\"cmsmasters_heading_wrap cmsmasters_heading_align_center\">\n\t<h2 class=\"cmsmasters_heading\">Adresse:<\/h2>\n<\/div>\n<div id=\"cmsmasters_heading_6a06dbd77037f\" class=\"cmsmasters_heading_wrap cmsmasters_heading_align_center\">\n\t<h6 class=\"cmsmasters_heading\">20 Rue de Trianon<br \/>\n76300 Sotteville-l\u00e8s-Rouen<\/h6>\n<\/div>\n<div id=\"cmsmasters_heading_6a06dbd7703e2\" class=\"cmsmasters_heading_wrap cmsmasters_heading_align_center\">\n\t<h2 class=\"cmsmasters_heading\">T\u00e9l:<\/h2>\n<\/div>\n<div id=\"cmsmasters_heading_6a06dbd770441\" class=\"cmsmasters_heading_wrap cmsmasters_heading_align_center\">\n\t<h6 class=\"cmsmasters_heading\"><a href=\"https:\/\/www.google.com\/search?q=pat+crea+tif+sotteville&amp;rlz=1C5CHFA_enFR881FR881&amp;oq=pat+crea+tif+sotteville&amp;aqs=chrome..69i57j0i13.5559j0j7&amp;sourceid=chrome&amp;ie=UTF-8#\" data-dtype=\"d3ifr\" data-local-attribute=\"d3ph\" data-ved=\"2ahUKEwi0pfXk0MXtAhVPzqQKHehvCUcQkAgoADATegQIFhAD\"><span role=\"link\" aria-label=\"Appeler le 02 35 72 13 78\">02 35 72 13 78<\/span><\/a><\/h6>\n<\/div>\n<div id=\"cmsmasters_heading_6a06dbd77049b\" class=\"cmsmasters_heading_wrap cmsmasters_heading_align_center\">\n\t<h2 class=\"cmsmasters_heading\">Horaires d&rsquo;ouverture:<\/h2>\n<\/div>\n<div id=\"cmsmasters_heading_6a06dbd7704f7\" class=\"cmsmasters_heading_wrap cmsmasters_heading_align_center\">\n\t<h6 class=\"cmsmasters_heading\">Du mardi au jeudi\u00a0 : 9:-12h &amp; 14h-19h<br \/>\nVendredi : 8h30 &#8211; 19h<br \/>\nSamedi : 8h-17h<\/p>\n<p>Les midis possible sur demande<\/h6>\n<\/div>\n<\/div>\n<\/div>\n<\/div>\n<\/div>\n<\/div>\n<\/div>\n<\/div>\n<\/div>\n<\/div>\n\n","protected":false},"excerpt":{"rendered":"","protected":false},"author":1,"featured_media":12205,"parent":0,"menu_order":0,"comment_status":"closed","ping_status":"closed","template":"","meta":[],"yoast_head":"<!-- This site is optimized with the Yoast SEO plugin v15.4 - https:\/\/yoast.com\/wordpress\/plugins\/seo\/ -->\n<title>COULEURS VEGETALES - PAT CREA&#039;TIF<\/title>\n<meta name=\"robots\" content=\"index, follow, max-snippet:-1, max-image-preview:large, max-video-preview:-1\" \/>\n<link rel=\"canonical\" href=\"https:\/\/patcreatif.fr\/?page_id=11983\" \/>\n<meta property=\"og:locale\" content=\"fr_FR\" \/>\n<meta property=\"og:type\" content=\"article\" \/>\n<meta property=\"og:title\" content=\"COULEURS VEGETALES - PAT CREA&#039;TIF\" \/>\n<meta property=\"og:url\" content=\"https:\/\/patcreatif.fr\/?page_id=11983\" \/>\n<meta property=\"og:site_name\" content=\"PAT CREA&#039;TIF\" \/>\n<meta property=\"article:modified_time\" content=\"2021-03-09T13:02:10+00:00\" \/>\n<meta property=\"og:image\" content=\"https:\/\/patcreatif.fr\/wp-content\/uploads\/2020\/12\/sun-maquillage-2.jpg\" \/>\n\t<meta property=\"og:image:width\" content=\"720\" \/>\n\t<meta property=\"og:image:height\" content=\"480\" \/>\n<meta name=\"twitter:card\" content=\"summary_large_image\" \/>\n<meta name=\"twitter:label1\" content=\"\u00c9crit par\">\n\t<meta name=\"twitter:data1\" content=\"admin\">\n\t<meta name=\"twitter:label2\" content=\"Dur\u00e9e de lecture est.\">\n\t<meta name=\"twitter:data2\" content=\"2 minutes\">\n<script type=\"application\/ld+json\" class=\"yoast-schema-graph\">{\"@context\":\"https:\/\/schema.org\",\"@graph\":[{\"@type\":\"WebSite\",\"@id\":\"https:\/\/patcreatif.fr\/#website\",\"url\":\"https:\/\/patcreatif.fr\/\",\"name\":\"PAT CREA&#039;TIF\",\"description\":\"COIFFEUR VISAGISTE\",\"potentialAction\":[{\"@type\":\"SearchAction\",\"target\":\"https:\/\/patcreatif.fr\/?s={search_term_string}\",\"query-input\":\"required name=search_term_string\"}],\"inLanguage\":\"fr-FR\"},{\"@type\":\"ImageObject\",\"@id\":\"https:\/\/patcreatif.fr\/?page_id=11983#primaryimage\",\"inLanguage\":\"fr-FR\",\"url\":\"https:\/\/patcreatif.fr\/wp-content\/uploads\/2020\/12\/sun-maquillage-2.jpg\",\"width\":720,\"height\":480},{\"@type\":\"WebPage\",\"@id\":\"https:\/\/patcreatif.fr\/?page_id=11983#webpage\",\"url\":\"https:\/\/patcreatif.fr\/?page_id=11983\",\"name\":\"COULEURS VEGETALES - PAT CREA&#039;TIF\",\"isPartOf\":{\"@id\":\"https:\/\/patcreatif.fr\/#website\"},\"primaryImageOfPage\":{\"@id\":\"https:\/\/patcreatif.fr\/?page_id=11983#primaryimage\"},\"datePublished\":\"2020-12-11T07:31:17+00:00\",\"dateModified\":\"2021-03-09T13:02:10+00:00\",\"inLanguage\":\"fr-FR\",\"potentialAction\":[{\"@type\":\"ReadAction\",\"target\":[\"https:\/\/patcreatif.fr\/?page_id=11983\"]}]}]}<\/script>\n<!-- \/ Yoast SEO plugin. -->","_links":{"self":[{"href":"https:\/\/patcreatif.fr\/index.php?rest_route=\/wp\/v2\/pages\/11983"}],"collection":[{"href":"https:\/\/patcreatif.fr\/index.php?rest_route=\/wp\/v2\/pages"}],"about":[{"href":"https:\/\/patcreatif.fr\/index.php?rest_route=\/wp\/v2\/types\/page"}],"author":[{"embeddable":true,"href":"https:\/\/patcreatif.fr\/index.php?rest_route=\/wp\/v2\/users\/1"}],"replies":[{"embeddable":true,"href":"https:\/\/patcreatif.fr\/index.php?rest_route=%2Fwp%2Fv2%2Fcomments&post=11983"}],"version-history":[{"count":20,"href":"https:\/\/patcreatif.fr\/index.php?rest_route=\/wp\/v2\/pages\/11983\/revisions"}],"predecessor-version":[{"id":12252,"href":"https:\/\/patcreatif.fr\/index.php?rest_route=\/wp\/v2\/pages\/11983\/revisions\/12252"}],"wp:featuredmedia":[{"embeddable":true,"href":"https:\/\/patcreatif.fr\/index.php?rest_route=\/wp\/v2\/media\/12205"}],"wp:attachment":[{"href":"https:\/\/patcreatif.fr\/index.php?rest_route=%2Fwp%2Fv2%2Fmedia&parent=11983"}],"curies":[{"name":"wp","href":"https:\/\/api.w.org\/{rel}","templated":true}]}}